 727, 9743
What are the prime factors of 885307002?
2, 3, 147551167
List the prime factors of 17257405.
5, 11, 43, 7297
List the prime factors of 50559077.
173, 292249
List the prime factors of 1042586505.
3, 5, 991, 7793
What are the prime factors of 77387194?
2, 38693597
List the prime factors of 686397876.
2, 3, 19, 3010517
What are the prime factors of 378428068?
2, 227, 409, 1019
List the prime factors of 1041810702.
2, 3, 37, 4692841
List the prime factors of 325549022.
2, 162774511
List the prime factors of 29817014.
2, 17, 876971
What are the prime factors of 59572986?
2, 3, 11, 353, 2557
List the prime factors of 344048853.
3, 7351, 15601
What are the prime factors of 17549014?
2, 7, 199, 6299
What are the prime factors of 247312825?
5, 47, 109, 1931
List the prime factors of 2644121653.
23, 114961811
What are the prime factors of 953744914?
2, 17, 491, 57131
List the prime factors of 8708047.
487, 17881
What are the prime factors of 2632666442?
2, 7, 188047603
What are the prime factors of 7126718512?
2, 17, 19, 541, 2549
List the prime factors of 526624111.
13, 71, 43889
List the prime factors of 200032698.
2, 3, 2741, 12163
List the prime factors of 21689922.
2, 3, 3614987
List the prime factors of 6161573.
11, 37, 15139
What are the prime factors of 350324192?
2, 10947631
What are the prime factors of 7863322041?
3, 23, 503, 75521
What are the prime factors of 123031706?
2, 7, 8787979
List the prime factors of 107099779.
17, 6299987
What are the prime factors of 31013155?
5, 71, 199, 439
List the prime factors of 113999797.
3449, 33053
List the prime factors of 228128733.
3, 7, 317, 11423
List the prime factors of 1246688801.
29, 83, 157, 3299
What are the prime factors of 3615274020?
2, 3, 5, 19, 43, 73751
List the prime factors of 21286910.
2, 5, 1019, 2089
List the prime factors of 564088326.
2, 3, 71, 1324151
What are the prime factors of 309338182?
2, 431, 358861
List the prime factors of 328263683.
11, 2712923
What are the prime factors of 943785792?
2, 3, 683, 2399
What are the prime factors of 46135027?
29, 229, 6947
List the prime factors of 1600303393.
13, 89, 15541
List the prime factors of 3339694801.
11801, 283001
List the prime factors of 18780542.
2, 11, 41, 47, 443
List the prime factors of 31434219.
3, 3492691
What are the prime factors of 954354209?
37, 89, 353, 821
What are the prime factors of 46894316?
2, 7, 1674797
List the prime factors of 24740320.
2, 5, 11, 14057
What are the prime factors of 964679971?
331, 2914441
What are the prime factors of 5105184?
2, 3, 7, 71, 107
List the prime factors of 15961998.
2, 3, 13, 204641
What are the prime factors of 1669678?
2, 233, 3583
List the prime factors of 3568911.
3, 1189637
List the prime factors of 833606353.
1723, 483811
What are the prime factors of 3231017677?
1061, 3045257
What are the prime factors of 700062070?
2, 5, 239, 499, 587
List the prime factors of 978605251.
13, 75277327
List the prime factors of 1550942862.
2, 3, 7, 36927211
What are the prime factors of 215698259?
7, 29, 67, 15859
List the prime factors of 399619010.
2, 5, 7, 116507
List the prime factors of 41838962.
2, 11, 1901771
List the prime factors of 644353773.
3, 7, 337, 13007
List the prime factors of 622029557.
622029557
What are the prime factors of 448511485?
5, 89702297
List the prime factors of 30346910.
2, 5, 11, 275881
List the prime factors of 77137293.
3, 47, 151, 3623
List the prime factors of 114748217.
41, 2798737
What are the prime factors of 459700335?
3, 5, 10215563
What are the prime factors of 2037931745?
5, 407586349
List the prime factors of 3139269315.
3, 5, 7, 13, 191, 12041
List the prime factors of 81202409.
19, 947, 4513
List the prime factors of 153082238.
2, 76541119
What are the prime factors of 25989702?
2, 3, 17, 67, 3803
List the prime factors of 1766452032.
2, 3, 139, 22063
List the prime factors of 121715104.
2, 7, 17, 31963
List the prime factors of 9801504.
2, 3, 34033
What are the prime factors of 5173266233?
499, 1049, 9883
What are the prime factors of 493916178?
2, 3, 7, 751, 2237
List the prime factors of 3991234.
2, 13, 153509
List the prime factors of 2411190127.
43, 61, 919249
What are the prime factors of 69329108?
2, 17332277
What are the prime factors of 151972311?
3, 5483, 9239
List the prime factors of 322804054.
2, 31, 487, 10691
List the prime factors of 1170634920.
2, 3, 5, 7, 13, 107201
What are the prime factors of 298785684?
2, 3, 24898807
What are the prime factors of 1859745600?
2, 3, 5, 17, 71, 107
What are the prime factors of 67590286?
2, 1321, 25583
What are the prime factors of 3814179519?
3, 31, 647, 63389
List the prime factors of 662279992.
2, 11, 67, 112327
What are the prime factors of 2773548301?
127, 21838963
What are the prime factors of 4353793025?
5, 174151721
What are the prime factors of 43161990?
2, 3, 5, 727, 1979
List the prime factors of 102249457.
102249457
What are the prime factors of 12172801?
31, 211, 1861
List the prime factors of 4364731102.
2, 3851, 566701
List the prime factors of 110284759.
13, 19, 521, 857
List the prime factors of 3416346161.
3416346161
List the prime factors of 6562995.
3, 5, 437533
What are the prime factors of 110455095?
3, 5, 7363673
What are the prime factors of 4943812?
2, 83, 14891
What are the prime factors of 106870172?
2, 4993, 5351
List the prime factors of 122630646.
2, 3, 20438441
What are the prime factors of 260850583?
7, 821, 45389
List the prime factors of 65103455.
5, 17, 23, 33301
List the prime factors of 5664489348.
2, 3, 7, 1013, 66569
List the prime factors of 87903724.
2, 31, 47, 15083
List the prime factors of 101294539.
487, 207997
What are the prime factors of 1666608?
2, 3, 34721
List the prime factors of 148089273.
3, 61, 809231
What are the prime factors of 7928654928?
2, 3, 165180311
What are the prime factors of 119087676?
2, 3, 67, 97, 509
What are the prime factors of 61410524?
2, 7, 137, 2287
List the prime factors of 60346844.
2, 127, 211, 563
List the prime factors of 3471768617.
3471768617
What are the prime factors of 31190906?
2, 15595453
List the prime factors of 175176857.
17, 10304521
List the prime factors of 724082797.
724082797
What are the prime factors of 1130612872?
2, 103, 1372103
What are the prime factors of 2776958344?
2, 223, 1556591
List the prime factors of 981604882.
2, 490802441
What are the prime factors of 15112493?
11, 191, 7193
List the prime factors of 12810771.
3, 617, 769
What are the prime factors of 109490201?
109490201
List the prime factors of 248902177.
47, 5295791
List the prime factors of 34337272.
2, 4292159
List the prime factors of 2982802307.
317, 461, 20411
What are the prime factors of 185072396?
2, 53, 179, 4877
What are the prime factors of 387103644?
2, 3, 19, 71, 2657
List the prime factors of 2374408766.
2, 593, 1361, 1471
What are the prime factors of 123917548?
2, 89, 348083
What are the prime factors of 329496342?
2, 3, 7, 7845151
List the prime factors of 62740875.
3, 5, 167309
List the prime factors of 2411842671.
3, 7, 41, 133391
List the prime factors of 1444281235.
5, 13807, 20921
List the prime factors of 156543052.
2, 19, 2059777
What are the prime factors of 3328336727?
3328336727
List the prime factors of 499189662.
2, 3, 401, 23053
What are the prime factors of 68122081?
727, 93703
List the prime factors of 235421666.
2, 19, 1789, 3463
What are the prime factors of 235788?
2, 3, 7, 401
List the prime factors of 1460216637.
3, 11, 14749663
List the prime factors of 96341008.
2, 653, 9221
List the prime factors of 168760078.
2, 257, 328327
List the prime factors of 122496813.
3, 1109, 4091
List the prime factors of 5365193891.
5365193891
List the prime factors of 431099404.
2, 107774851
List the prime factors of 117955789.
7, 29, 83009
List the prime factors of 648402265.
5, 7, 19, 53, 18397
What are the prime factors of 34999920?
2, 3, 5, 48611
List the prime factors of 343929635.
5, 7, 17, 421, 1373
List the prime factors of 946243371.
3, 227, 1389491
List the prime factors of 8204318.
2, 797, 5147
List the prime factors of 4101186905.
5, 53, 307, 50411
List the prime factors of 32170297.
73, 197, 2237
What are the prime factors of 1991619511?
7, 284517073
What are the prime factor